81 - -1). Let w = -37 + s. What is the greatest common divisor of 135 and w?
27
Suppose 9 = 2*o - 1. Suppose 0 = -0*k - o*k + 95. What is the highest common divisor of 152 and k?
19
Let m = 75 + -14. Suppose 0 = -4*k + 3*k + 5*w + m, -4*k - w = -139. What is the greatest common factor of 90 and k?
18
Let n = 9 - 7. Suppose 0 = n*s - 2*l + 4*l - 70, 0 = -3*s - l + 105. Calculate the greatest common factor of s and 5.
5
Suppose 0 = -p + 3*a + 36, 5*p - 4*a - 130 - 6 = 0. Calculate the greatest common factor of 6 and p.
6
Suppose -b = 3*b - 80. Let q = b - -5. Calculate the greatest common divisor of 125 and q.
25
Let t = 148 - 73. Suppose 4*f + 9 = 4*d - t, 0 = 4*f + 4*d + 76. Let c be (48/f)/((-3)/10). Calculate the greatest common divisor of c and 64.
8
Suppose 14*n - 11*n - 234 = 0. Calculate the highest common factor of 39 and n.
39
Suppose 4*g - 5*c - 1 = 1, -g - 2*c = -7. Let h be (-10)/g*(-72)/20. Calculate the highest common factor of h and 18.
6
Suppose -z + 55 = 3*v, -2*z - 3 = 2*v - 45. Let q = -9 + v. Suppose 60 = 2*d + 3*d. Calculate the highest common divisor of q and d.
4
Let h(d) = 14*d - 10. Let n(u) = u**2 + u - 1. Let g be n(1). Let k be 7 - (-3 - -2) - g. Let c be h(k). What is the highest common factor of c and 8?
8
Suppose -6*v + 8 = -2*v. What is the highest common factor of v and 8?
2
Suppose -9*q + 6*q = -27. Suppose -2*u + 126 = -0*u. What is the greatest common divisor of q and u?
9
Suppose 2*x = 1 + 27. Calculate the greatest common factor of x and 70.
14
Suppose -13 = -3*j - 1. Suppose j*w = 3*u + 729, 0 = u - 0 + 3. Calculate the highest common divisor of w and 18.
18
Suppose 0 = -5*m + 2*s - 15, -3*m + 5*s + 5 = m. Let r = m - -9. Calculate the greatest common factor of r and 2.
2
Let x = 28 - 19. What is the greatest common divisor of x and 45?
9
Suppose 0 = 3*q + 3*f - 165, -5*q - 4*f + 347 - 77 = 0. Suppose 4*k + 50 = 3*n, n + 3*k - 30 = 7*k. Calculate the highest common divisor of q and n.
10
Let f be (-12 + 3)/((-10)/20). What is the highest common divisor of 90 and f?
18
Let g(k) = -19*k + 3. Let q be g(-3). Suppose q = t + 4*t. Calculate the greatest common divisor of t and 4.
4
Let h(k) = k**3 - 4*k**2 + 3*k - 15. Let w be h(6). Suppose -t = -4*v + 3*t + 88, 2*v - 3*t = 41. What is the greatest common factor of w and v?
25
Let u(t) = t**2 - 6*t + 10. Suppose -4*v = -3*v - 7. Let l be u(v). Suppose 3*p - 136 = -p. What is the highest common factor of l and p?
17
Let j(f) = f**3 + 18*f**2 - 17. Let b(x) = x**3 + 17*x**2 + x - 16. Let t(a) = 6*b(a) - 5*j(a). Let w be t(-11). What is the highest common factor of 4 and w?
4
Suppose 2*u = -0*x - 5*x + 4, -76 = -5*u + 4*x. Let y = 1 - -1. Let f be 0 - (-12)/y*2. What is the highest common factor of u and f?
12
Let c(w) = w**3 + 5*w**2 + 2*w + 4. Let f be c(-4). Calculate the highest common divisor of 12 and f.
12
Let h be 1*(19 - -2 - 3). What is the highest common factor of h and 12?
6
Let y = 1559 + -1039. What is the greatest common divisor of 65 and y?
65
Let c(h) = -9*h - 1. Let q be c(1). Let o be (3 + q/6)*6. What is the greatest common divisor of o and 88?
8
Let t be 255/2 - (9/6 - 2). Let a be (13 - -1) + 2 + 0. What is the greatest common divisor of t and a?
16
Let j be 8 + 1/(3/(-6)). Suppose 0 = -h + j*h - 280. What is the highest common factor of h and 7?
7
Suppose 0*r + 3*r = 117. What is the greatest common divisor of r and 13?
13
Let a be 2*1*(7 - 23). Let l = a - -19. Let o = 64 - l. What is the greatest common factor of o and 7?
7
Suppose 3 - 2 = k. What is the highest common factor of 11 and k?
1
Let z(i) = -1 + 2*i**2 + 2 + 4*i**3 - 2*i**3 - i. Let p be z(2). What is the greatest common factor of p and 184?
23
Let d = 19 - 7. Let s = -19 - -31. Suppose -4*u = 2*r - 26, -5*r = 3 + s. Calculate the greatest common factor of d and u.
4
Let m(v) = -v**3 + 4*v**2 + 12*v - 11. Let f be m(5). What is the greatest common divisor of f and 192?
24
Let v(q) = q**2. Let j be v(-3). What is the highest common divisor of 27 and j?
9
Let j = -4 - -8. Suppose j*d + 108 = 4*r, -6*d + d + 185 = 5*r. Let o = 10 + r. What is the greatest common factor of 6 and o?
6
Let h(t) = 2*t**2 + 7*t - 4. Let s be ((-42)/(-9))/((-14)/21). Let g be h(s). Calculate the highest common factor of 18 and g.
9
Suppose -5*t = -5*u - 50 - 45, -66 = -4*t + 2*u. Suppose 3*w - 50 = -t. Calculate the greatest common factor of 3 and w.
3
Let w(o) = o**3 + 7*o**2 - 6*o - 22. Let x be w(-7). Suppose 5*j - t = 27, 4*j - 30 = -3*t + 8*t. What is the greatest common divisor of x and j?
5
Let g = 60 + -32. Suppose -s - 1 = -7. Let x(m) = m**3 - 6*m**2 + m - 2. Let j be x(s). Calculate the greatest common divisor of j and g.
4
Let g(a) = -a + 2. Let y be g(-4). Suppose 71 - y = 5*b - 5*u, -2*b + 5*u = -26. What is the greatest common divisor of 26 and b?
13
Let g = -33 + 68. Let h be 28/((-3)/((-3)/2)). Calculate the greatest common divisor of h and g.
7
Let d(o) = -o**3 - 10*o**2 + 10*o - 8. Let v be d(-11). Let x be v + (3 - -33) - 3. What is the greatest common divisor of 9 and x?
9
Let l(q) = -4*q. Let m be l(-5). What is the highest common factor of m and 180?
20
Suppose 0*o - 23 = -o. Calculate the highest common divisor of o and 253.
23
Let p be 22/(-8)*(-2 + -14). Calculate the greatest common factor of p and 110.
22
Suppose -2 = 4*a - 94. Calculate the highest common factor of 161 and a.
23
Let f be (0 - -12)*(-6)/(-18). What is the highest common factor of f and 28?
4
Suppose 12*t - 7*t = 390. Calculate the highest common factor of t and 26.
26
Suppose 2*w + 2*k = 4*k + 6, 2*w - 41 = -5*k. Calculate the greatest common factor of 12 and w.
4
Let y(r) = r**3 - r**2 - 4*r + 1. Let x be y(3). Let u = 11 + -7. Suppose -63 - 21 = -u*t. Calculate the highest common divisor of t and x.
7
Suppose 0 = 2*w, 5*t + 4*w - 34 - 86 = 0. Let z(j) = -j**2 + 3*j + 6. Let l be z(0). What is the greatest common factor of l and t?
6
Suppose -4*o + 18 = 3*y, -5*y + 5*o + 40 - 10 = 0. Let i be 2/(1 + (-3)/y). What is the highest common divisor of i and 36?
4
Suppose 2*q + q - 6 = 0. Let o(u) = -u + 0*u - q - 1. Let h be o(-4). Calculate the greatest common factor of 8 and h.
1
Let c = -49 - -166. Let w = 28 + -15. What is the greatest common divisor of w and c?
13
Suppose -1 - 3 = -2*b. Let t = 1 + 1. Calculate the highest common factor of t and b.
2
Suppose 4*c - 10 = -2*t, 4*t - 5*c = 2*t + 10. What is the greatest common factor of 25 and t?
5
Suppose 5*o + 35 = 5*l, -3*o + 15 = 5*l - 52. Suppose 2*b - l = 5*d, -3*d + 50 = 4*b - 37. What is the highest common factor of 162 and b?
18
Let q(b) = -b + 1. Let u be q(-6). Let s = 76 - 41. What is the greatest common factor of s and u?
7
Let a(f) = f**2 - f + 2. Let o be a(-5). Suppose -5*x + o = s, s - 2*x = -3*s + 40. Calculate the greatest common factor of s and 30.
6
Suppose -227 = 8*q - 907. Calculate the highest common divisor of 17 and q.
17
Suppose -2*v - 14 + 94 = 0. Let q = 96 - v. Calculate the greatest common factor of 8 and q.
8
Suppose 0 = -5*z + 5*o + 25, o + 3 = -5*z + 10. Let d = -36 - -37. What is the highest common divisor of d and z?
1
Let x(m) = -8*m + 3. Let u be x(-1). Let i = -17 - -50. What is the greatest common divisor of u and i?
11
Let d(p) = 4*p + 2. Suppose -10 = y + 4*t, 0 = -2*y + 3*y - 4*t - 14. Let z be d(y). What is the greatest common divisor of z and 5?
5
Suppose 0 = 3*l + 15, 5*m - 3*l = 2*l + 30. Suppose -h - 2 - 3 = 5*a, h = -3*a - m. What is the highest common divisor of 1 and h?
1
Suppose 2*n - 8 + 0 = 0. Let u be (-2)/(-9) + 16/9. Let h be u/(-6) + 291/9. Calculate the highest common factor of n and h.
4
Let m = -5 + 35. What is the highest common factor of m and 40?
10
Suppose 17*d - 154 = 15*d. What is the highest common divisor of d and 7?
7
Let g = 18 - 16. Suppose -12 = -g*a + 2. What is the highest common factor of a and 28?
7
Let h(q) = -q + 7. Let a be h(-4). What is the highest common factor of 11 and a?
11
Let k(p) = p + 36. Let g be k(-11). What is the greatest common divisor of g and 200?
25
Suppose 14 + 58 = 4*w. Let h = -88 - -169. Suppose 2*m + h = 5*m. What is the highest common divisor of w and m?
9
Suppose 16 = 4*a + m, 4*a - 2 - 6 = -3*m. Suppose b + 128 = a*b. Let t be -2*20*(-2)/5. What is the g